381749.
3, 89, 27647
What are the prime factors of 1171339712?
2, 17, 31, 34729
What are the prime factors of 2489636043?
3, 17, 487, 33413
List the prime factors of 152821173.
3, 5563, 9157
List the prime factors of 7954068203.
59077, 134639
List the prime factors of 2454141105.
3, 5, 13, 263, 409
List the prime factors of 1075546716.
2, 3, 197, 454969
What are the prime factors of 1991805869?
29, 307, 409, 547
List the prime factors of 26599783.
7, 137, 27737
What are the prime factors of 185700132?
2, 3, 113, 191, 239
What are the prime factors of 154449413?
154449413
List the prime factors of 110578274.
2, 37, 67, 22303
What are the prime factors of 4735058392?
2, 23, 79, 325747
What are the prime factors of 5053316770?
2, 5, 16417, 30781
List the prime factors of 37980258.
2, 3, 6330043
What are the prime factors of 16303433?
1931, 8443
List the prime factors of 2504468725.
5, 11, 9107159
What are the prime factors of 4108874109?
3, 17, 227, 257, 1381
What are the prime factors of 1796694537?
3, 11, 54445289
List the prime factors of 59137757.
7, 29, 41617
List the prime factors of 574626800.
2, 5, 11, 73, 1789
What are the prime factors of 69511833?
3, 7723537
What are the prime factors of 638445860?
2, 5, 13, 2455561
What are the prime factors of 31684038?
2, 3, 193, 27361
What are the prime factors of 135404690?
2, 5, 13540469
What are the prime factors of 265398052?
2, 66349513
List the prime factors of 1178334799.
19, 109, 167, 3407
What are the prime factors of 64325196?
2, 3, 13, 137447
What are the prime factors of 1446545913?
3, 482181971
What are the prime factors of 636303267?
3, 70700363
List the prime factors of 2450944.
2, 4787
List the prime factors of 13009016.
2, 1626127
What are the prime factors of 413527460?
2, 5, 59, 350447
What are the prime factors of 888681829?
7, 29, 1237, 3539
List the prime factors of 185435507.
17, 1217, 8963
What are the prime factors of 1304516348?
2, 53, 6153379
What are the prime factors of 173770868?
2, 883, 49199
What are the prime factors of 1821093931?
19, 23, 4167263
List the prime factors of 20803853.
7, 163, 18233
What are the prime factors of 385680878?
2, 11, 151, 116099
What are the prime factors of 502517?
502517
What are the prime factors of 92061276?
2, 3, 83, 92431
What are the prime factors of 65203871?
65203871
What are the prime factors of 90592122?
2, 3, 15098687
What are the prime factors of 28859008?
2, 225461
What are the prime factors of 216244090?
2, 5, 21624409
List the prime factors of 1816250850.
2, 3, 5, 19, 23603
What are the prime factors of 199177725?
3, 5, 389, 6827
What are the prime factors of 120262654?
2, 37, 1625171
What are the prime factors of 44065049?
7, 1907, 3301
What are the prime factors of 174450237?
3, 13, 31, 313, 461
List the prime factors of 988573.
107, 9239
What are the prime factors of 592630214?
2, 11, 43, 211, 2969
List the prime factors of 58341391.
193, 302287
List the prime factors of 38366402.
2, 59, 347, 937
List the prime factors of 40049855.
5, 61, 131311
List the prime factors of 6040262062.
2, 37, 941, 86743
List the prime factors of 320280093.
3, 7, 19, 267569
What are the prime factors of 63210497?
7, 9030071
List the prime factors of 246548160.
2, 3, 5, 85607
What are the prime factors of 163199096?
2, 20399887
List the prime factors of 3726446307.
3, 19, 107, 610993
List the prime factors of 85607579.
6053, 14143
What are the prime factors of 580176228?
2, 3, 3181, 15199
What are the prime factors of 369604886?
2, 7, 26400349
What are the prime factors of 627975434?
2, 41, 7658237
What are the prime factors of 106954632?
2, 3, 107, 13883
List the prime factors of 944268109.
944268109
What are the prime factors of 264011329?
264011329
List the prime factors of 18572124.
2, 3, 1547677
List the prime factors of 1890304705.
5, 73, 109, 47513
List the prime factors of 2323210532.
2, 29, 20027677
What are the prime factors of 2908355?
5, 719, 809
List the prime factors of 26844780.
2, 3, 5, 151, 2963
List the prime factors of 2680246999.
101, 1039, 25541
List the prime factors of 696403815.
3, 5, 46426921
List the prime factors of 24988091.
24988091
List the prime factors of 720092061.
3, 13, 41, 43, 3491
List the prime factors of 1034260119.
3, 8209, 13999
What are the prime factors of 2907067327?
2907067327
What are the prime factors of 90656105?
5, 37, 490033
List the prime factors of 327817411.
6577, 49843
List the prime factors of 23046065.
5, 7, 43, 15313
List the prime factors of 133535041.
133535041
List the prime factors of 45588523.
45588523
What are the prime factors of 75152428?
2, 13, 1445239
What are the prime factors of 51478207?
11, 47, 99571
List the prime factors of 766264450.
2, 5, 7, 37, 79, 107
List the prime factors of 44969517.
3, 29, 172297
List the prime factors of 100128099.
3, 1049, 31817
List the prime factors of 938945130.
2, 3, 5, 1009, 31019
List the prime factors of 2781351.
3, 31, 3323
What are the prime factors of 158880838?
2, 79440419
What are the prime factors of 5591087352?
2, 3, 173, 448867
What are the prime factors of 69040889?
19, 191249
What are the prime factors of 155541322?
2, 31, 607, 4133
List the prime factors of 417637147.
17, 229, 107279
List the prime factors of 228257903.
228257903
List the prime factors of 1440632488.
2, 101, 1782961
What are the prime factors of 84012630?
2, 3, 5, 13, 215417
What are the prime factors of 242897849?
137, 367, 4831
List the prime factors of 242020000.
2, 5, 12101
List the prime factors of 3098029258.
2, 479, 3233851
List the prime factors of 411019295.
5, 283, 290473
What are the prime factors of 239140751?
17, 14067103
List the prime factors of 29007547.
19, 71, 21503
What are the prime factors of 1840080686?
2, 233, 733, 5387
List the prime factors of 3837026978.
2, 1918513489
What are the prime factors of 106615461?
3, 359, 98993
List the prime factors of 89361993.
3, 7, 37, 47, 2447
What are the prime factors of 857421845?
5, 7, 3499681
What are the prime factors of 176117451?
3, 83, 707299
What are the prime factors of 3532541496?
2, 3, 11, 13380839
What are the prime factors of 104639024?
2, 7, 934277
What are the prime factors of 20634683?
733, 28151
List the prime factors of 53497453.
17, 3146909
List the prime factors of 6703355321.
13, 79, 6527123
List the prime factors of 4673327589.
3, 7, 24726601
List the prime factors of 215504536.
2, 13, 19, 191, 571
List the prime factors of 957738550.
2, 5, 1523, 12577
List the prime factors of 45623096.
2, 1597, 3571
List the prime factors of 14648031.
3, 19, 85661
List the prime factors of 764178418.
2, 41, 9319249
List the prime factors of 15340684.
2, 701, 5471
List the prime factors of 29457090.
2, 3, 5, 13, 17, 1481
What are the prime factors of 2592408459?
3, 401, 2154953
What are the prime factors of 12495578?
2, 17, 19, 23, 29
List the prime factors of 283379497.
47, 1259, 4789
List the prime factors of 428797550.
2, 5, 89, 167, 577
What are the prime factors of 1126915676?
2, 6733, 41843
What are the prime factors of 8394512?
2, 7, 241, 311
List the prime factors of 305849340.
2, 3, 5, 41, 41443
List the prime factors of 356551828.
2, 89137957
What are the prime factors of 2023185764?
2, 9011, 56131
List the prime factors of 2028297089.
7, 13, 739, 30161
List the prime factors of 382260309.
3, 127420103
List the prime factors of 15796248.
2, 3, 13, 197, 257
List the prime factors of 3440494472.
2, 430061809
What are the prime factors of 3134105?
5, 13, 3709
What are the prime factors of 4363479221?
4363479221
What are the prime factors of 1929028308?
2, 3, 23, 6989233
What are the prime factors of 34478796?
2, 3, 11, 29, 9007
List the prime factors of 833331435.
3, 5, 55555429
List the prime factors of 1513617928.
2, 189202241
List the prime factors of 201410843.
201410843
List the prime factors of 8085745.
5, 1617149
List the prime factors of 38558373.
3, 7, 23, 97, 823
List the prime factors of 174075960.
2, 3, 5, 23, 59, 1069
What are the prime factors of 18979685?
5, 3795937
List the prime factors of 549683521.
1723, 319027
What are the prime factors of 656676963?
3, 8107123
List the prime factors of 1167017330.
2, 5, 4877, 23929
What are the prime factors of 2917926538?
2, 59